{"id":27653,"date":"2025-04-18T22:23:50","date_gmt":"2025-04-18T20:23:50","guid":{"rendered":"https:\/\/ilmiocafecacao.it\/?page_id=27653"},"modified":"2025-04-23T12:56:42","modified_gmt":"2025-04-23T10:56:42","slug":"premier-plats","status":"publish","type":"page","link":"https:\/\/ilmiocafecacao.it\/acceuil\/premier-plats\/","title":{"rendered":"Premi\u00e9r plats"},"content":{"rendered":"\t\t<div data-elementor-type=\"wp-page\" data-elementor-id=\"27653\" class=\"elementor elementor-27653\">\n\t\t\t\t<div class=\"wd-negative-gap elementor-element elementor-element-d52786f e-flex e-con-boxed e-con e-parent\" data-id=\"d52786f\" data-element_type=\"container\" data-e-type=\"container\">\n\t\t\t\t\t<div class=\"e-con-inner\">\n\t\t\t\t<div class=\"elementor-element elementor-element-1c1e026 elementor-widget elementor-widget-spacer\" data-id=\"1c1e026\" data-element_type=\"widget\" data-e-type=\"widget\" data-widget_type=\"spacer.default\">\n\t\t\t\t<div class=\"elementor-widget-container\">\n\t\t\t\t\t\t\t<div class=\"elementor-spacer\">\n\t\t\t<div class=\"elementor-spacer-inner\"><\/div>\n\t\t<\/div>\n\t\t\t\t\t\t<\/div>\n\t\t\t\t<\/div>\n\t\t\t\t\t<\/div>\n\t\t\t\t<\/div>\n\t\t<div class=\"wd-negative-gap elementor-element elementor-element-e8cdbc3 e-flex e-con-boxed elementor-invisible e-con e-parent\" data-id=\"e8cdbc3\" data-element_type=\"container\" data-e-type=\"container\" data-settings=\"{&quot;animation&quot;:&quot;fadeInLeft&quot;}\">\n\t\t\t\t\t<div class=\"e-con-inner\">\n\t\t<div class=\"elementor-element elementor-element-156fffc e-con-full e-flex e-con e-child\" data-id=\"156fffc\" data-element_type=\"container\" data-e-type=\"container\">\n\t\t\t\t<div class=\"elementor-element elementor-element-2204df6 elementor-widget elementor-widget-image\" data-id=\"2204df6\" data-element_type=\"widget\" data-e-type=\"widget\" data-widget_type=\"image.default\">\n\t\t\t\t<div class=\"elementor-widget-container\">\n\t\t\t\t\t\t\t\t\t\t\t\t\t\t\t<img loading=\"lazy\" decoding=\"async\" width=\"768\" height=\"491\" src=\"https:\/\/ilmiocafecacao.it\/wp-content\/uploads\/2025\/04\/pate-speck-avec-des-noisettes-et-du-parmesan-83009b3a-768x491.webp\" class=\"attachment-medium_large size-medium_large wp-image-27656\" alt=\"\" srcset=\"https:\/\/ilmiocafecacao.it\/wp-content\/uploads\/2025\/04\/pate-speck-avec-des-noisettes-et-du-parmesan-83009b3a-768x491.webp 768w, https:\/\/ilmiocafecacao.it\/wp-content\/uploads\/2025\/04\/pate-speck-avec-des-noisettes-et-du-parmesan-83009b3a-430x275.webp 430w, https:\/\/ilmiocafecacao.it\/wp-content\/uploads\/2025\/04\/pate-speck-avec-des-noisettes-et-du-parmesan-83009b3a-150x96.webp 150w, https:\/\/ilmiocafecacao.it\/wp-content\/uploads\/2025\/04\/pate-speck-avec-des-noisettes-et-du-parmesan-83009b3a-700x447.webp 700w, https:\/\/ilmiocafecacao.it\/wp-content\/uploads\/2025\/04\/pate-speck-avec-des-noisettes-et-du-parmesan-83009b3a-400x256.webp 400w, https:\/\/ilmiocafecacao.it\/wp-content\/uploads\/2025\/04\/pate-speck-avec-des-noisettes-et-du-parmesan-83009b3a.webp 900w\" sizes=\"(max-width: 768px) 100vw, 768px\" \/>\t\t\t\t\t\t\t\t\t\t\t\t\t\t\t<\/div>\n\t\t\t\t<\/div>\n\t\t\t\t<\/div>\n\t\t<div class=\"elementor-element elementor-element-7277c51 e-con-full e-flex e-con e-child\" data-id=\"7277c51\" data-element_type=\"container\" data-e-type=\"container\">\n\t\t\t\t<div class=\"elementor-element elementor-element-ef07a75 elementor-widget elementor-widget-wd_text_block\" data-id=\"ef07a75\" data-element_type=\"widget\" data-e-type=\"widget\" data-widget_type=\"wd_text_block.default\">\n\t\t\t\t<div class=\"elementor-widget-container\">\n\t\t\t\t\t\t\t<div class=\"wd-text-block reset-last-child text-left\">\n\t\t\t\n\t\t\t<div class=\"uk-grid-small uk-flex-middle uk-grid uk-grid-stack\"><div class=\"uk-grid-small uk-flex-middle uk-grid uk-grid-stack\"><h2 class=\"uk-heading-small uk-width-xlarge\">Penne aux grains de CAFE IL MIO<\/h2><div class=\"uk-panel uk-margin\"><p>les ingr\u00e9dients: 100 grammes de penne rigate, 15 grammes de noisettes, 10 grammes de parmigiano reggiano, 0,5 grammes d\u2019\u0153ufs, 0,5 grammes de ciboulette, 1 cuill\u00e8re \u00e0 caf\u00e9 d\u2019huile d\u2019olive, un peu de sel et de poivre.<\/p><p>preparation:\u00a0faites cuire les p\u00e2tes \u00ab al dente \u00bb dans beaucoup d\u2019eau sal\u00e9e, puis passez-la sous un jet d\u2019eau courante pour la faire refroidir compl\u00e8tement, battez l\u2019\u0153uf avec une pinc\u00e9e de sel et de poivre et versez-le dans une petite po\u00eale \u00e0 omelette graiss\u00e9e d\u2019huile, assez large pour vous permettre de faire une omelette tr\u00e8s mince \u00e0 cuire d\u2019un seul c\u00f4t\u00e9, une fois cuite, laissez refroidir l\u2019omelette, coupez-la en fines lani\u00e8res t mettez-la \u00e0 part. \u00e9miettez les noisettes afin de les \u00e9craser. verser dans la po\u00eale chaude les noisettes et le speck et cuire 5 minutes de sort que la partie huileuse de la noisette et la graisse de speck se fondent ensemble, en r\u00e9v\u00e9lant un ar\u00f4me envo\u00fbtant. quand le speck est devenu croustillant coupez le feu et laissez-le refroidir. pr\u00e9parer la p\u00e2te froide: dans un grand bol, m\u00e9langez les \u201cpenne rigate\u201d froides, l\u2019omelette, les grains de speck et de noisettes et m\u00e9langez tout doucement. assaisonnez la p\u00e2te avec l\u2019huile restante, si vous le jugez n\u00e9cessaire, saupoudrez la surface avec des \u00e9clats de parmigiano et avec de ciboulette finement hach\u00e9e et ensuite servi \u00e0 la table.<\/p><\/div><\/div><\/div>\n\t\t\t\t\t<\/div>\n\t\t\t\t\t\t<\/div>\n\t\t\t\t<\/div>\n\t\t\t\t<\/div>\n\t\t\t\t\t<\/div>\n\t\t\t\t<\/div>\n\t\t<div class=\"wd-negative-gap elementor-element elementor-element-1786fef e-flex e-con-boxed e-con e-parent\" data-id=\"1786fef\" data-element_type=\"container\" data-e-type=\"container\">\n\t\t\t\t\t<div class=\"e-con-inner\">\n\t\t\t\t<div class=\"elementor-element elementor-element-81fbcfb elementor-widget elementor-widget-spacer\" data-id=\"81fbcfb\" data-element_type=\"widget\" data-e-type=\"widget\" data-widget_type=\"spacer.default\">\n\t\t\t\t<div class=\"elementor-widget-container\">\n\t\t\t\t\t\t\t<div class=\"elementor-spacer\">\n\t\t\t<div class=\"elementor-spacer-inner\"><\/div>\n\t\t<\/div>\n\t\t\t\t\t\t<\/div>\n\t\t\t\t<\/div>\n\t\t\t\t\t<\/div>\n\t\t\t\t<\/div>\n\t\t<div class=\"wd-negative-gap elementor-element elementor-element-2b67962 e-flex e-con-boxed elementor-invisible e-con e-parent\" data-id=\"2b67962\" data-element_type=\"container\" data-e-type=\"container\" data-settings=\"{&quot;animation&quot;:&quot;fadeInRight&quot;}\">\n\t\t\t\t\t<div class=\"e-con-inner\">\n\t\t<div class=\"elementor-element elementor-element-c7f16bc e-con-full e-flex e-con e-child\" data-id=\"c7f16bc\" data-element_type=\"container\" data-e-type=\"container\">\n\t\t\t\t<div class=\"elementor-element elementor-element-9b91d2e elementor-widget elementor-widget-image\" data-id=\"9b91d2e\" data-element_type=\"widget\" data-e-type=\"widget\" data-widget_type=\"image.default\">\n\t\t\t\t<div class=\"elementor-widget-container\">\n\t\t\t\t\t\t\t\t\t\t\t\t\t\t\t<img loading=\"lazy\" decoding=\"async\" width=\"900\" height=\"600\" src=\"https:\/\/ilmiocafecacao.it\/wp-content\/uploads\/2025\/04\/ravioli-au-pesto-de-noisettes-et-fromage-mascarpone-f8a9ebd8.webp\" class=\"attachment-large size-large wp-image-27657\" alt=\"\" srcset=\"https:\/\/ilmiocafecacao.it\/wp-content\/uploads\/2025\/04\/ravioli-au-pesto-de-noisettes-et-fromage-mascarpone-f8a9ebd8.webp 900w, https:\/\/ilmiocafecacao.it\/wp-content\/uploads\/2025\/04\/ravioli-au-pesto-de-noisettes-et-fromage-mascarpone-f8a9ebd8-430x287.webp 430w, https:\/\/ilmiocafecacao.it\/wp-content\/uploads\/2025\/04\/ravioli-au-pesto-de-noisettes-et-fromage-mascarpone-f8a9ebd8-150x100.webp 150w, https:\/\/ilmiocafecacao.it\/wp-content\/uploads\/2025\/04\/ravioli-au-pesto-de-noisettes-et-fromage-mascarpone-f8a9ebd8-700x467.webp 700w, https:\/\/ilmiocafecacao.it\/wp-content\/uploads\/2025\/04\/ravioli-au-pesto-de-noisettes-et-fromage-mascarpone-f8a9ebd8-400x267.webp 400w, https:\/\/ilmiocafecacao.it\/wp-content\/uploads\/2025\/04\/ravioli-au-pesto-de-noisettes-et-fromage-mascarpone-f8a9ebd8-768x512.webp 768w\" sizes=\"(max-width: 900px) 100vw, 900px\" \/>\t\t\t\t\t\t\t\t\t\t\t\t\t\t\t<\/div>\n\t\t\t\t<\/div>\n\t\t\t\t<\/div>\n\t\t<div class=\"elementor-element elementor-element-7d8ff64 e-con-full e-flex e-con e-child\" data-id=\"7d8ff64\" data-element_type=\"container\" data-e-type=\"container\">\n\t\t\t\t<div class=\"elementor-element elementor-element-edef3e1 elementor-widget elementor-widget-wd_text_block\" data-id=\"edef3e1\" data-element_type=\"widget\" data-e-type=\"widget\" data-widget_type=\"wd_text_block.default\">\n\t\t\t\t<div class=\"elementor-widget-container\">\n\t\t\t\t\t\t\t<div class=\"wd-text-block reset-last-child text-left\">\n\t\t\t\n\t\t\t<div class=\"uk-grid-small uk-flex-middle uk-grid uk-grid-stack\"><h2 id=\"ricette-label\">Raviolis au pesto de noisettes et mascarpone<\/h2><p>les ingr\u00e9dients:\u00a0500 grammes de raviolis, 120 grammes de noisettes grill\u00e9es, 100 grammes de mascarpone, 120 ml de lait, pas assez de fromage grana padano, marjolaine, sel, poivre<\/p><p>preparation: m\u00e9langez les noisettes dans le m\u00e9langeur, faut en garder pour la d\u00e9coration du plat. ajouter le mascarpone, le fromage r\u00e2p\u00e9, le sel, le poivre, le lait et m\u00e9langez bien. faire bouillir les raviolis en beaucoup d\u2019eau sal\u00e9e, \u00e9gouttez-les et mettez-les dans un bol. assaisonnez de pesto les raviolis avec le pesto aux noisettes et au mascarpone et les servir en d\u00e9corant les plats avec les autres noisettes et les feuilles de la marjolaine.<\/p><\/div>\n\t\t\t\t\t<\/div>\n\t\t\t\t\t\t<\/div>\n\t\t\t\t<\/div>\n\t\t\t\t<\/div>\n\t\t\t\t\t<\/div>\n\t\t\t\t<\/div>\n\t\t<div class=\"wd-negative-gap elementor-element elementor-element-1319a5a e-flex e-con-boxed e-con e-parent\" data-id=\"1319a5a\" data-element_type=\"container\" data-e-type=\"container\">\n\t\t\t\t\t<div class=\"e-con-inner\">\n\t\t\t\t<div class=\"elementor-element elementor-element-79e1f6c elementor-widget elementor-widget-spacer\" data-id=\"79e1f6c\" data-element_type=\"widget\" data-e-type=\"widget\" data-widget_type=\"spacer.default\">\n\t\t\t\t<div class=\"elementor-widget-container\">\n\t\t\t\t\t\t\t<div class=\"elementor-spacer\">\n\t\t\t<div class=\"elementor-spacer-inner\"><\/div>\n\t\t<\/div>\n\t\t\t\t\t\t<\/div>\n\t\t\t\t<\/div>\n\t\t\t\t\t<\/div>\n\t\t\t\t<\/div>\n\t\t\t\t<\/div>\n\t\t","protected":false},"excerpt":{"rendered":"<p>Penne aux grains de CAFE IL MIO les ingr\u00e9dients: 100 grammes de penne rigate, 15 grammes de noisettes, 10 grammes<\/p>\n","protected":false},"author":1,"featured_media":0,"parent":0,"menu_order":0,"comment_status":"closed","ping_status":"closed","template":"","meta":{"footnotes":""},"class_list":["post-27653","page","type-page","status-publish","hentry"],"yoast_head":"<!-- This site is optimized with the Yoast SEO plugin v25.6 - https:\/\/yoast.com\/wordpress\/plugins\/seo\/ -->\n<title>Premi\u00e9r plats - ilmiocafecacao<\/title>\n<meta name=\"robots\" content=\"index, follow, max-snippet:-1, max-image-preview:large, max-video-preview:-1\" \/>\n<link rel=\"canonical\" href=\"https:\/\/ilmiocafecacao.it\/acceuil\/premier-plats\/\" \/>\n<meta property=\"og:locale\" content=\"fr_FR\" \/>\n<meta property=\"og:type\" content=\"article\" \/>\n<meta property=\"og:title\" content=\"Premi\u00e9r plats - ilmiocafecacao\" \/>\n<meta property=\"og:description\" content=\"Penne aux grains de CAFE IL MIO les ingr\u00e9dients: 100 grammes de penne rigate, 15 grammes de noisettes, 10 grammes\" \/>\n<meta property=\"og:url\" content=\"https:\/\/ilmiocafecacao.it\/acceuil\/premier-plats\/\" \/>\n<meta property=\"og:site_name\" content=\"ilmiocafecacao\" \/>\n<meta property=\"article:modified_time\" content=\"2025-04-23T10:56:42+00:00\" \/>\n<meta property=\"og:image\" content=\"https:\/\/ilmiocafecacao.it\/wp-content\/uploads\/2025\/04\/pate-speck-avec-des-noisettes-et-du-parmesan-83009b3a.webp\" \/>\n\t<meta property=\"og:image:width\" content=\"900\" \/>\n\t<meta property=\"og:image:height\" content=\"575\" \/>\n\t<meta property=\"og:image:type\" content=\"image\/webp\" \/>\n<meta name=\"twitter:card\" content=\"summary_large_image\" \/>\n<meta name=\"twitter:label1\" content=\"Dur\u00e9e de lecture estim\u00e9e\" \/>\n\t<meta name=\"twitter:data1\" content=\"2 minutes\" \/>\n<script type=\"application\/ld+json\" class=\"yoast-schema-graph\">{\"@context\":\"https:\/\/schema.org\",\"@graph\":[{\"@type\":\"WebPage\",\"@id\":\"https:\/\/ilmiocafecacao.it\/acceuil\/premier-plats\/\",\"url\":\"https:\/\/ilmiocafecacao.it\/acceuil\/premier-plats\/\",\"name\":\"Premi\u00e9r plats - ilmiocafecacao\",\"isPartOf\":{\"@id\":\"https:\/\/ilmiocafecacao.it\/acceuil\/#website\"},\"primaryImageOfPage\":{\"@id\":\"https:\/\/ilmiocafecacao.it\/acceuil\/premier-plats\/#primaryimage\"},\"image\":{\"@id\":\"https:\/\/ilmiocafecacao.it\/acceuil\/premier-plats\/#primaryimage\"},\"thumbnailUrl\":\"https:\/\/ilmiocafecacao.it\/wp-content\/uploads\/2025\/04\/pate-speck-avec-des-noisettes-et-du-parmesan-83009b3a-768x491.webp\",\"datePublished\":\"2025-04-18T20:23:50+00:00\",\"dateModified\":\"2025-04-23T10:56:42+00:00\",\"breadcrumb\":{\"@id\":\"https:\/\/ilmiocafecacao.it\/acceuil\/premier-plats\/#breadcrumb\"},\"inLanguage\":\"fr-FR\",\"potentialAction\":[{\"@type\":\"ReadAction\",\"target\":[\"https:\/\/ilmiocafecacao.it\/acceuil\/premier-plats\/\"]}]},{\"@type\":\"ImageObject\",\"inLanguage\":\"fr-FR\",\"@id\":\"https:\/\/ilmiocafecacao.it\/acceuil\/premier-plats\/#primaryimage\",\"url\":\"https:\/\/ilmiocafecacao.it\/wp-content\/uploads\/2025\/04\/pate-speck-avec-des-noisettes-et-du-parmesan-83009b3a-768x491.webp\",\"contentUrl\":\"https:\/\/ilmiocafecacao.it\/wp-content\/uploads\/2025\/04\/pate-speck-avec-des-noisettes-et-du-parmesan-83009b3a-768x491.webp\"},{\"@type\":\"BreadcrumbList\",\"@id\":\"https:\/\/ilmiocafecacao.it\/acceuil\/premier-plats\/#breadcrumb\",\"itemListElement\":[{\"@type\":\"ListItem\",\"position\":1,\"name\":\"Home\",\"item\":\"https:\/\/ilmiocafecacao.it\/acceuil\/\"},{\"@type\":\"ListItem\",\"position\":2,\"name\":\"Premi\u00e9r plats\"}]},{\"@type\":\"WebSite\",\"@id\":\"https:\/\/ilmiocafecacao.it\/acceuil\/#website\",\"url\":\"https:\/\/ilmiocafecacao.it\/acceuil\/\",\"name\":\"cafe il mio\",\"description\":\"Noisette et caf\u00e9 italien\",\"publisher\":{\"@id\":\"https:\/\/ilmiocafecacao.it\/acceuil\/#organization\"},\"alternateName\":\"cafe il mio\",\"potentialAction\":[{\"@type\":\"SearchAction\",\"target\":{\"@type\":\"EntryPoint\",\"urlTemplate\":\"https:\/\/ilmiocafecacao.it\/acceuil\/?s={search_term_string}\"},\"query-input\":{\"@type\":\"PropertyValueSpecification\",\"valueRequired\":true,\"valueName\":\"search_term_string\"}}],\"inLanguage\":\"fr-FR\"},{\"@type\":\"Organization\",\"@id\":\"https:\/\/ilmiocafecacao.it\/acceuil\/#organization\",\"name\":\"ilmiocafecacao\",\"url\":\"https:\/\/ilmiocafecacao.it\/acceuil\/\",\"logo\":{\"@type\":\"ImageObject\",\"inLanguage\":\"fr-FR\",\"@id\":\"https:\/\/ilmiocafecacao.it\/acceuil\/#\/schema\/logo\/image\/\",\"url\":\"https:\/\/ilmiocafecacao.it\/wp-content\/uploads\/2025\/04\/icone-noir.jpg\",\"contentUrl\":\"https:\/\/ilmiocafecacao.it\/wp-content\/uploads\/2025\/04\/icone-noir.jpg\",\"width\":512,\"height\":443,\"caption\":\"ilmiocafecacao\"},\"image\":{\"@id\":\"https:\/\/ilmiocafecacao.it\/acceuil\/#\/schema\/logo\/image\/\"}}]}<\/script>\n<!-- \/ Yoast SEO plugin. -->","yoast_head_json":{"title":"Premi\u00e9r plats - ilmiocafecacao","robots":{"index":"index","follow":"follow","max-snippet":"max-snippet:-1","max-image-preview":"max-image-preview:large","max-video-preview":"max-video-preview:-1"},"canonical":"https:\/\/ilmiocafecacao.it\/acceuil\/premier-plats\/","og_locale":"fr_FR","og_type":"article","og_title":"Premi\u00e9r plats - ilmiocafecacao","og_description":"Penne aux grains de CAFE IL MIO les ingr\u00e9dients: 100 grammes de penne rigate, 15 grammes de noisettes, 10 grammes","og_url":"https:\/\/ilmiocafecacao.it\/acceuil\/premier-plats\/","og_site_name":"ilmiocafecacao","article_modified_time":"2025-04-23T10:56:42+00:00","og_image":[{"width":900,"height":575,"url":"https:\/\/ilmiocafecacao.it\/wp-content\/uploads\/2025\/04\/pate-speck-avec-des-noisettes-et-du-parmesan-83009b3a.webp","type":"image\/webp"}],"twitter_card":"summary_large_image","twitter_misc":{"Dur\u00e9e de lecture estim\u00e9e":"2 minutes"},"schema":{"@context":"https:\/\/schema.org","@graph":[{"@type":"WebPage","@id":"https:\/\/ilmiocafecacao.it\/acceuil\/premier-plats\/","url":"https:\/\/ilmiocafecacao.it\/acceuil\/premier-plats\/","name":"Premi\u00e9r plats - ilmiocafecacao","isPartOf":{"@id":"https:\/\/ilmiocafecacao.it\/acceuil\/#website"},"primaryImageOfPage":{"@id":"https:\/\/ilmiocafecacao.it\/acceuil\/premier-plats\/#primaryimage"},"image":{"@id":"https:\/\/ilmiocafecacao.it\/acceuil\/premier-plats\/#primaryimage"},"thumbnailUrl":"https:\/\/ilmiocafecacao.it\/wp-content\/uploads\/2025\/04\/pate-speck-avec-des-noisettes-et-du-parmesan-83009b3a-768x491.webp","datePublished":"2025-04-18T20:23:50+00:00","dateModified":"2025-04-23T10:56:42+00:00","breadcrumb":{"@id":"https:\/\/ilmiocafecacao.it\/acceuil\/premier-plats\/#breadcrumb"},"inLanguage":"fr-FR","potentialAction":[{"@type":"ReadAction","target":["https:\/\/ilmiocafecacao.it\/acceuil\/premier-plats\/"]}]},{"@type":"ImageObject","inLanguage":"fr-FR","@id":"https:\/\/ilmiocafecacao.it\/acceuil\/premier-plats\/#primaryimage","url":"https:\/\/ilmiocafecacao.it\/wp-content\/uploads\/2025\/04\/pate-speck-avec-des-noisettes-et-du-parmesan-83009b3a-768x491.webp","contentUrl":"https:\/\/ilmiocafecacao.it\/wp-content\/uploads\/2025\/04\/pate-speck-avec-des-noisettes-et-du-parmesan-83009b3a-768x491.webp"},{"@type":"BreadcrumbList","@id":"https:\/\/ilmiocafecacao.it\/acceuil\/premier-plats\/#breadcrumb","itemListElement":[{"@type":"ListItem","position":1,"name":"Home","item":"https:\/\/ilmiocafecacao.it\/acceuil\/"},{"@type":"ListItem","position":2,"name":"Premi\u00e9r plats"}]},{"@type":"WebSite","@id":"https:\/\/ilmiocafecacao.it\/acceuil\/#website","url":"https:\/\/ilmiocafecacao.it\/acceuil\/","name":"cafe il mio","description":"Noisette et caf\u00e9 italien","publisher":{"@id":"https:\/\/ilmiocafecacao.it\/acceuil\/#organization"},"alternateName":"cafe il mio","potentialAction":[{"@type":"SearchAction","target":{"@type":"EntryPoint","urlTemplate":"https:\/\/ilmiocafecacao.it\/acceuil\/?s={search_term_string}"},"query-input":{"@type":"PropertyValueSpecification","valueRequired":true,"valueName":"search_term_string"}}],"inLanguage":"fr-FR"},{"@type":"Organization","@id":"https:\/\/ilmiocafecacao.it\/acceuil\/#organization","name":"ilmiocafecacao","url":"https:\/\/ilmiocafecacao.it\/acceuil\/","logo":{"@type":"ImageObject","inLanguage":"fr-FR","@id":"https:\/\/ilmiocafecacao.it\/acceuil\/#\/schema\/logo\/image\/","url":"https:\/\/ilmiocafecacao.it\/wp-content\/uploads\/2025\/04\/icone-noir.jpg","contentUrl":"https:\/\/ilmiocafecacao.it\/wp-content\/uploads\/2025\/04\/icone-noir.jpg","width":512,"height":443,"caption":"ilmiocafecacao"},"image":{"@id":"https:\/\/ilmiocafecacao.it\/acceuil\/#\/schema\/logo\/image\/"}}]}},"_links":{"self":[{"href":"https:\/\/ilmiocafecacao.it\/acceuil\/wp-json\/wp\/v2\/pages\/27653"}],"collection":[{"href":"https:\/\/ilmiocafecacao.it\/acceuil\/wp-json\/wp\/v2\/pages"}],"about":[{"href":"https:\/\/ilmiocafecacao.it\/acceuil\/wp-json\/wp\/v2\/types\/page"}],"author":[{"embeddable":true,"href":"https:\/\/ilmiocafecacao.it\/acceuil\/wp-json\/wp\/v2\/users\/1"}],"replies":[{"embeddable":true,"href":"https:\/\/ilmiocafecacao.it\/acceuil\/wp-json\/wp\/v2\/comments?post=27653"}],"version-history":[{"count":26,"href":"https:\/\/ilmiocafecacao.it\/acceuil\/wp-json\/wp\/v2\/pages\/27653\/revisions"}],"predecessor-version":[{"id":28198,"href":"https:\/\/ilmiocafecacao.it\/acceuil\/wp-json\/wp\/v2\/pages\/27653\/revisions\/28198"}],"wp:attachment":[{"href":"https:\/\/ilmiocafecacao.it\/acceuil\/wp-json\/wp\/v2\/media?parent=27653"}],"curies":[{"name":"wp","href":"https:\/\/api.w.org\/{rel}","templated":true}]}}