{"id":27598,"date":"2025-04-18T20:20:35","date_gmt":"2025-04-18T18:20:35","guid":{"rendered":"https:\/\/ilmiocafecacao.it\/?page_id=27598"},"modified":"2025-04-22T15:29:51","modified_gmt":"2025-04-22T13:29:51","slug":"durabilite","status":"publish","type":"page","link":"https:\/\/ilmiocafecacao.it\/acceuil\/durabilite\/","title":{"rendered":"durabilite"},"content":{"rendered":"\t\t<div data-elementor-type=\"wp-page\" data-elementor-id=\"27598\" class=\"elementor elementor-27598\">\n\t\t\t\t<div class=\"wd-negative-gap elementor-element elementor-element-d4d8fc2 e-flex e-con-boxed elementor-invisible e-con e-parent\" data-id=\"d4d8fc2\" data-element_type=\"container\" data-e-type=\"container\" data-settings=\"{&quot;animation&quot;:&quot;fadeInUp&quot;}\">\n\t\t\t\t\t<div class=\"e-con-inner\">\n\t\t\t\t<div class=\"elementor-element elementor-element-7eedb53 elementor-widget elementor-widget-wd_text_block\" data-id=\"7eedb53\" data-element_type=\"widget\" data-e-type=\"widget\" data-widget_type=\"wd_text_block.default\">\n\t\t\t\t<div class=\"elementor-widget-container\">\n\t\t\t\t\t\t\t<div class=\"wd-text-block reset-last-child text-center\">\n\t\t\t\n\t\t\t<h1 class=\"uk-heading-medium uk-width-2xlarge uk-margin-auto-left uk-text-left@s uk-text-center\">CAFE IL MIO est synonyme de durabilit\u00e9<\/h1>\n\t\t\t\t\t<\/div>\n\t\t\t\t\t\t<\/div>\n\t\t\t\t<\/div>\n\t\t\t\t\t<\/div>\n\t\t\t\t<\/div>\n\t\t<div class=\"wd-negative-gap elementor-element elementor-element-d52786f e-flex e-con-boxed e-con e-parent\" data-id=\"d52786f\" data-element_type=\"container\" data-e-type=\"container\">\n\t\t\t\t\t<div class=\"e-con-inner\">\n\t\t\t\t<div class=\"elementor-element elementor-element-1c1e026 elementor-widget elementor-widget-spacer\" data-id=\"1c1e026\" data-element_type=\"widget\" data-e-type=\"widget\" data-widget_type=\"spacer.default\">\n\t\t\t\t<div class=\"elementor-widget-container\">\n\t\t\t\t\t\t\t<div class=\"elementor-spacer\">\n\t\t\t<div class=\"elementor-spacer-inner\"><\/div>\n\t\t<\/div>\n\t\t\t\t\t\t<\/div>\n\t\t\t\t<\/div>\n\t\t\t\t\t<\/div>\n\t\t\t\t<\/div>\n\t\t<div class=\"wd-negative-gap elementor-element elementor-element-e8cdbc3 e-flex e-con-boxed elementor-invisible e-con e-parent\" data-id=\"e8cdbc3\" data-element_type=\"container\" data-e-type=\"container\" data-settings=\"{&quot;animation&quot;:&quot;fadeInLeft&quot;}\">\n\t\t\t\t\t<div class=\"e-con-inner\">\n\t\t<div class=\"elementor-element elementor-element-156fffc e-con-full e-flex e-con e-child\" data-id=\"156fffc\" data-element_type=\"container\" data-e-type=\"container\">\n\t\t\t\t<div class=\"elementor-element elementor-element-2204df6 elementor-widget elementor-widget-image\" data-id=\"2204df6\" data-element_type=\"widget\" data-e-type=\"widget\" data-widget_type=\"image.default\">\n\t\t\t\t<div class=\"elementor-widget-container\">\n\t\t\t\t\t\t\t\t\t\t\t\t\t\t\t<img loading=\"lazy\" decoding=\"async\" width=\"1000\" height=\"750\" src=\"https:\/\/ilmiocafecacao.it\/wp-content\/uploads\/2025\/04\/engrais-pour-les-noisettes-60075785.webp\" class=\"attachment-large size-large wp-image-27601\" alt=\"\" srcset=\"https:\/\/ilmiocafecacao.it\/wp-content\/uploads\/2025\/04\/engrais-pour-les-noisettes-60075785.webp 1000w, https:\/\/ilmiocafecacao.it\/wp-content\/uploads\/2025\/04\/engrais-pour-les-noisettes-60075785-430x323.webp 430w, https:\/\/ilmiocafecacao.it\/wp-content\/uploads\/2025\/04\/engrais-pour-les-noisettes-60075785-150x113.webp 150w, https:\/\/ilmiocafecacao.it\/wp-content\/uploads\/2025\/04\/engrais-pour-les-noisettes-60075785-700x525.webp 700w, https:\/\/ilmiocafecacao.it\/wp-content\/uploads\/2025\/04\/engrais-pour-les-noisettes-60075785-400x300.webp 400w, https:\/\/ilmiocafecacao.it\/wp-content\/uploads\/2025\/04\/engrais-pour-les-noisettes-60075785-768x576.webp 768w\" sizes=\"(max-width: 1000px) 100vw, 1000px\" \/>\t\t\t\t\t\t\t\t\t\t\t\t\t\t\t<\/div>\n\t\t\t\t<\/div>\n\t\t\t\t<\/div>\n\t\t<div class=\"elementor-element elementor-element-7277c51 e-con-full e-flex e-con e-child\" data-id=\"7277c51\" data-element_type=\"container\" data-e-type=\"container\">\n\t\t\t\t<div class=\"elementor-element elementor-element-ef07a75 elementor-widget elementor-widget-wd_text_block\" data-id=\"ef07a75\" data-element_type=\"widget\" data-e-type=\"widget\" data-widget_type=\"wd_text_block.default\">\n\t\t\t\t<div class=\"elementor-widget-container\">\n\t\t\t\t\t\t\t<div class=\"wd-text-block reset-last-child text-left\">\n\t\t\t\n\t\t\t<h2 class=\"uk-heading-small uk-margin-remove-top uk-text-left@s uk-text-center\"><strong>Durabilit\u00e9 avant tout<\/strong><\/h2>\n<div class=\"uk-panel uk-margin-medium uk-text-left@s uk-text-center\">\n<p>Nous sommes tr\u00e8s exigeants lorsque nous parlons de durabilit\u00e9. Tout d\u2019abord, les proc\u00e9d\u00e9s sont naturels et n\u2019impliquent pas l\u2019utilisation de produits chimiques. Cela signifie que le sol n\u2019est pas trop exploit\u00e9, n\u2019est pas endommag\u00e9 et n\u2019est pas pollu\u00e9.<br \/>Cette agriculture est aussi appel\u00e9 agriculture int\u00e9gr\u00e9\u00e9 ou \u00e9co-compatible et les mod\u00e8les les plus connus et les plus r\u00e9pandus sur notre territoire qui suivent ses principes sont l\u2019agriculture biologique et biodynamique.<\/p>\n<\/div>\n\n\t\t\t\t\t<\/div>\n\t\t\t\t\t\t<\/div>\n\t\t\t\t<\/div>\n\t\t\t\t<\/div>\n\t\t\t\t\t<\/div>\n\t\t\t\t<\/div>\n\t\t<div class=\"wd-negative-gap elementor-element elementor-element-1786fef e-flex e-con-boxed e-con e-parent\" data-id=\"1786fef\" data-element_type=\"container\" data-e-type=\"container\">\n\t\t\t\t\t<div class=\"e-con-inner\">\n\t\t\t\t<div class=\"elementor-element elementor-element-81fbcfb elementor-widget elementor-widget-spacer\" data-id=\"81fbcfb\" data-element_type=\"widget\" data-e-type=\"widget\" data-widget_type=\"spacer.default\">\n\t\t\t\t<div class=\"elementor-widget-container\">\n\t\t\t\t\t\t\t<div class=\"elementor-spacer\">\n\t\t\t<div class=\"elementor-spacer-inner\"><\/div>\n\t\t<\/div>\n\t\t\t\t\t\t<\/div>\n\t\t\t\t<\/div>\n\t\t\t\t\t<\/div>\n\t\t\t\t<\/div>\n\t\t<div class=\"wd-negative-gap elementor-element elementor-element-9f34000 e-flex e-con-boxed elementor-invisible e-con e-parent\" data-id=\"9f34000\" data-element_type=\"container\" data-e-type=\"container\" data-settings=\"{&quot;animation&quot;:&quot;fadeInRight&quot;}\">\n\t\t\t\t\t<div class=\"e-con-inner\">\n\t\t<div class=\"elementor-element elementor-element-addfd9b e-con-full e-flex e-con e-child\" data-id=\"addfd9b\" data-element_type=\"container\" data-e-type=\"container\">\n\t\t\t\t<div class=\"elementor-element elementor-element-4c28956 elementor-widget elementor-widget-wd_text_block\" data-id=\"4c28956\" data-element_type=\"widget\" data-e-type=\"widget\" data-widget_type=\"wd_text_block.default\">\n\t\t\t\t<div class=\"elementor-widget-container\">\n\t\t\t\t\t\t\t<div class=\"wd-text-block reset-last-child text-left\">\n\t\t\t\n\t\t\t<h2 class=\"uk-heading-small uk-margin-remove-top uk-text-left@s uk-text-center\"><strong>Les avantages d\u2019une agriculture durable<br \/><\/strong><\/h2>\n<div class=\"uk-panel uk-margin-medium uk-text-left@s uk-text-center\">\n<p>Gr\u00e2ce \u00e0 une agriculture durable, la production peut \u00eatre augment\u00e9e sur des sols d\u00e9j\u00e0 utilis\u00e9s pour la culture. Les technologies et les techniques continuent d\u2019\u00eatre perfectionn\u00e9es en permettant une optimisation du temps et des processus. Ces m\u00e9thodes permettent faire face aux probl\u00e8mes li\u00e9s \u00e0 deux ph\u00e9nom\u00e8nes bien connus de tous: le changement climatique et la croissance d\u00e9mographique.<br \/>l\u2019accroissement de la productivit\u00e9 est sans aucun doute un pilier fondamental mais ce n\u2019est pas le seul objectif \u00e0 atteindre.<\/p>\n<\/div>\n\n\t\t\t\t\t<\/div>\n\t\t\t\t\t\t<\/div>\n\t\t\t\t<\/div>\n\t\t\t\t<\/div>\n\t\t<div class=\"elementor-element elementor-element-dacd61d e-con-full e-flex e-con e-child\" data-id=\"dacd61d\" data-element_type=\"container\" data-e-type=\"container\">\n\t\t\t\t<div class=\"elementor-element elementor-element-b6fcb97 elementor-widget elementor-widget-image\" data-id=\"b6fcb97\" data-element_type=\"widget\" data-e-type=\"widget\" data-widget_type=\"image.default\">\n\t\t\t\t<div class=\"elementor-widget-container\">\n\t\t\t\t\t\t\t\t\t\t\t\t\t\t\t<img loading=\"lazy\" decoding=\"async\" width=\"1000\" height=\"750\" src=\"https:\/\/ilmiocafecacao.it\/wp-content\/uploads\/2025\/04\/lirrigation-dune-goutte-c7a46726.webp\" class=\"attachment-large size-large wp-image-27602\" alt=\"\" srcset=\"https:\/\/ilmiocafecacao.it\/wp-content\/uploads\/2025\/04\/lirrigation-dune-goutte-c7a46726.webp 1000w, https:\/\/ilmiocafecacao.it\/wp-content\/uploads\/2025\/04\/lirrigation-dune-goutte-c7a46726-430x323.webp 430w, https:\/\/ilmiocafecacao.it\/wp-content\/uploads\/2025\/04\/lirrigation-dune-goutte-c7a46726-150x113.webp 150w, https:\/\/ilmiocafecacao.it\/wp-content\/uploads\/2025\/04\/lirrigation-dune-goutte-c7a46726-700x525.webp 700w, https:\/\/ilmiocafecacao.it\/wp-content\/uploads\/2025\/04\/lirrigation-dune-goutte-c7a46726-400x300.webp 400w, https:\/\/ilmiocafecacao.it\/wp-content\/uploads\/2025\/04\/lirrigation-dune-goutte-c7a46726-768x576.webp 768w\" sizes=\"(max-width: 1000px) 100vw, 1000px\" \/>\t\t\t\t\t\t\t\t\t\t\t\t\t\t\t<\/div>\n\t\t\t\t<\/div>\n\t\t\t\t<\/div>\n\t\t\t\t\t<\/div>\n\t\t\t\t<\/div>\n\t\t\t\t<\/div>\n\t\t","protected":false},"excerpt":{"rendered":"<p>CAFE IL MIO est synonyme de durabilit\u00e9 Durabilit\u00e9 avant tout Nous sommes tr\u00e8s exigeants lorsque nous parlons de durabilit\u00e9. Tout<\/p>\n","protected":false},"author":1,"featured_media":0,"parent":0,"menu_order":0,"comment_status":"closed","ping_status":"closed","template":"","meta":{"footnotes":""},"class_list":["post-27598","page","type-page","status-publish","hentry"],"yoast_head":"<!-- This site is optimized with the Yoast SEO plugin v25.6 - https:\/\/yoast.com\/wordpress\/plugins\/seo\/ -->\n<title>durabilite - ilmiocafecacao<\/title>\n<meta name=\"robots\" content=\"index, follow, max-snippet:-1, max-image-preview:large, max-video-preview:-1\" \/>\n<link rel=\"canonical\" href=\"https:\/\/ilmiocafecacao.it\/acceuil\/durabilite\/\" \/>\n<meta property=\"og:locale\" content=\"fr_FR\" \/>\n<meta property=\"og:type\" content=\"article\" \/>\n<meta property=\"og:title\" content=\"durabilite - ilmiocafecacao\" \/>\n<meta property=\"og:description\" content=\"CAFE IL MIO est synonyme de durabilit\u00e9 Durabilit\u00e9 avant tout Nous sommes tr\u00e8s exigeants lorsque nous parlons de durabilit\u00e9. Tout\" \/>\n<meta property=\"og:url\" content=\"https:\/\/ilmiocafecacao.it\/acceuil\/durabilite\/\" \/>\n<meta property=\"og:site_name\" content=\"ilmiocafecacao\" \/>\n<meta property=\"article:modified_time\" content=\"2025-04-22T13:29:51+00:00\" \/>\n<meta property=\"og:image\" content=\"https:\/\/ilmiocafecacao.it\/wp-content\/uploads\/2025\/04\/engrais-pour-les-noisettes-60075785.webp\" \/>\n\t<meta property=\"og:image:width\" content=\"1000\" \/>\n\t<meta property=\"og:image:height\" content=\"750\" \/>\n\t<meta property=\"og:image:type\" content=\"image\/webp\" \/>\n<meta name=\"twitter:card\" content=\"summary_large_image\" \/>\n<meta name=\"twitter:label1\" content=\"Dur\u00e9e de lecture estim\u00e9e\" \/>\n\t<meta name=\"twitter:data1\" content=\"1 minute\" \/>\n<script type=\"application\/ld+json\" class=\"yoast-schema-graph\">{\"@context\":\"https:\/\/schema.org\",\"@graph\":[{\"@type\":\"WebPage\",\"@id\":\"https:\/\/ilmiocafecacao.it\/acceuil\/durabilite\/\",\"url\":\"https:\/\/ilmiocafecacao.it\/acceuil\/durabilite\/\",\"name\":\"durabilite - ilmiocafecacao\",\"isPartOf\":{\"@id\":\"https:\/\/ilmiocafecacao.it\/acceuil\/#website\"},\"primaryImageOfPage\":{\"@id\":\"https:\/\/ilmiocafecacao.it\/acceuil\/durabilite\/#primaryimage\"},\"image\":{\"@id\":\"https:\/\/ilmiocafecacao.it\/acceuil\/durabilite\/#primaryimage\"},\"thumbnailUrl\":\"https:\/\/ilmiocafecacao.it\/wp-content\/uploads\/2025\/04\/engrais-pour-les-noisettes-60075785.webp\",\"datePublished\":\"2025-04-18T18:20:35+00:00\",\"dateModified\":\"2025-04-22T13:29:51+00:00\",\"breadcrumb\":{\"@id\":\"https:\/\/ilmiocafecacao.it\/acceuil\/durabilite\/#breadcrumb\"},\"inLanguage\":\"fr-FR\",\"potentialAction\":[{\"@type\":\"ReadAction\",\"target\":[\"https:\/\/ilmiocafecacao.it\/acceuil\/durabilite\/\"]}]},{\"@type\":\"ImageObject\",\"inLanguage\":\"fr-FR\",\"@id\":\"https:\/\/ilmiocafecacao.it\/acceuil\/durabilite\/#primaryimage\",\"url\":\"https:\/\/ilmiocafecacao.it\/wp-content\/uploads\/2025\/04\/engrais-pour-les-noisettes-60075785.webp\",\"contentUrl\":\"https:\/\/ilmiocafecacao.it\/wp-content\/uploads\/2025\/04\/engrais-pour-les-noisettes-60075785.webp\"},{\"@type\":\"BreadcrumbList\",\"@id\":\"https:\/\/ilmiocafecacao.it\/acceuil\/durabilite\/#breadcrumb\",\"itemListElement\":[{\"@type\":\"ListItem\",\"position\":1,\"name\":\"Home\",\"item\":\"https:\/\/ilmiocafecacao.it\/acceuil\/\"},{\"@type\":\"ListItem\",\"position\":2,\"name\":\"durabilite\"}]},{\"@type\":\"WebSite\",\"@id\":\"https:\/\/ilmiocafecacao.it\/acceuil\/#website\",\"url\":\"https:\/\/ilmiocafecacao.it\/acceuil\/\",\"name\":\"cafe il mio\",\"description\":\"Noisette et caf\u00e9 italien\",\"publisher\":{\"@id\":\"https:\/\/ilmiocafecacao.it\/acceuil\/#organization\"},\"alternateName\":\"cafe il mio\",\"potentialAction\":[{\"@type\":\"SearchAction\",\"target\":{\"@type\":\"EntryPoint\",\"urlTemplate\":\"https:\/\/ilmiocafecacao.it\/acceuil\/?s={search_term_string}\"},\"query-input\":{\"@type\":\"PropertyValueSpecification\",\"valueRequired\":true,\"valueName\":\"search_term_string\"}}],\"inLanguage\":\"fr-FR\"},{\"@type\":\"Organization\",\"@id\":\"https:\/\/ilmiocafecacao.it\/acceuil\/#organization\",\"name\":\"ilmiocafecacao\",\"url\":\"https:\/\/ilmiocafecacao.it\/acceuil\/\",\"logo\":{\"@type\":\"ImageObject\",\"inLanguage\":\"fr-FR\",\"@id\":\"https:\/\/ilmiocafecacao.it\/acceuil\/#\/schema\/logo\/image\/\",\"url\":\"https:\/\/ilmiocafecacao.it\/wp-content\/uploads\/2025\/04\/icone-noir.jpg\",\"contentUrl\":\"https:\/\/ilmiocafecacao.it\/wp-content\/uploads\/2025\/04\/icone-noir.jpg\",\"width\":512,\"height\":443,\"caption\":\"ilmiocafecacao\"},\"image\":{\"@id\":\"https:\/\/ilmiocafecacao.it\/acceuil\/#\/schema\/logo\/image\/\"}}]}<\/script>\n<!-- \/ Yoast SEO plugin. -->","yoast_head_json":{"title":"durabilite - ilmiocafecacao","robots":{"index":"index","follow":"follow","max-snippet":"max-snippet:-1","max-image-preview":"max-image-preview:large","max-video-preview":"max-video-preview:-1"},"canonical":"https:\/\/ilmiocafecacao.it\/acceuil\/durabilite\/","og_locale":"fr_FR","og_type":"article","og_title":"durabilite - ilmiocafecacao","og_description":"CAFE IL MIO est synonyme de durabilit\u00e9 Durabilit\u00e9 avant tout Nous sommes tr\u00e8s exigeants lorsque nous parlons de durabilit\u00e9. Tout","og_url":"https:\/\/ilmiocafecacao.it\/acceuil\/durabilite\/","og_site_name":"ilmiocafecacao","article_modified_time":"2025-04-22T13:29:51+00:00","og_image":[{"width":1000,"height":750,"url":"https:\/\/ilmiocafecacao.it\/wp-content\/uploads\/2025\/04\/engrais-pour-les-noisettes-60075785.webp","type":"image\/webp"}],"twitter_card":"summary_large_image","twitter_misc":{"Dur\u00e9e de lecture estim\u00e9e":"1 minute"},"schema":{"@context":"https:\/\/schema.org","@graph":[{"@type":"WebPage","@id":"https:\/\/ilmiocafecacao.it\/acceuil\/durabilite\/","url":"https:\/\/ilmiocafecacao.it\/acceuil\/durabilite\/","name":"durabilite - ilmiocafecacao","isPartOf":{"@id":"https:\/\/ilmiocafecacao.it\/acceuil\/#website"},"primaryImageOfPage":{"@id":"https:\/\/ilmiocafecacao.it\/acceuil\/durabilite\/#primaryimage"},"image":{"@id":"https:\/\/ilmiocafecacao.it\/acceuil\/durabilite\/#primaryimage"},"thumbnailUrl":"https:\/\/ilmiocafecacao.it\/wp-content\/uploads\/2025\/04\/engrais-pour-les-noisettes-60075785.webp","datePublished":"2025-04-18T18:20:35+00:00","dateModified":"2025-04-22T13:29:51+00:00","breadcrumb":{"@id":"https:\/\/ilmiocafecacao.it\/acceuil\/durabilite\/#breadcrumb"},"inLanguage":"fr-FR","potentialAction":[{"@type":"ReadAction","target":["https:\/\/ilmiocafecacao.it\/acceuil\/durabilite\/"]}]},{"@type":"ImageObject","inLanguage":"fr-FR","@id":"https:\/\/ilmiocafecacao.it\/acceuil\/durabilite\/#primaryimage","url":"https:\/\/ilmiocafecacao.it\/wp-content\/uploads\/2025\/04\/engrais-pour-les-noisettes-60075785.webp","contentUrl":"https:\/\/ilmiocafecacao.it\/wp-content\/uploads\/2025\/04\/engrais-pour-les-noisettes-60075785.webp"},{"@type":"BreadcrumbList","@id":"https:\/\/ilmiocafecacao.it\/acceuil\/durabilite\/#breadcrumb","itemListElement":[{"@type":"ListItem","position":1,"name":"Home","item":"https:\/\/ilmiocafecacao.it\/acceuil\/"},{"@type":"ListItem","position":2,"name":"durabilite"}]},{"@type":"WebSite","@id":"https:\/\/ilmiocafecacao.it\/acceuil\/#website","url":"https:\/\/ilmiocafecacao.it\/acceuil\/","name":"cafe il mio","description":"Noisette et caf\u00e9 italien","publisher":{"@id":"https:\/\/ilmiocafecacao.it\/acceuil\/#organization"},"alternateName":"cafe il mio","potentialAction":[{"@type":"SearchAction","target":{"@type":"EntryPoint","urlTemplate":"https:\/\/ilmiocafecacao.it\/acceuil\/?s={search_term_string}"},"query-input":{"@type":"PropertyValueSpecification","valueRequired":true,"valueName":"search_term_string"}}],"inLanguage":"fr-FR"},{"@type":"Organization","@id":"https:\/\/ilmiocafecacao.it\/acceuil\/#organization","name":"ilmiocafecacao","url":"https:\/\/ilmiocafecacao.it\/acceuil\/","logo":{"@type":"ImageObject","inLanguage":"fr-FR","@id":"https:\/\/ilmiocafecacao.it\/acceuil\/#\/schema\/logo\/image\/","url":"https:\/\/ilmiocafecacao.it\/wp-content\/uploads\/2025\/04\/icone-noir.jpg","contentUrl":"https:\/\/ilmiocafecacao.it\/wp-content\/uploads\/2025\/04\/icone-noir.jpg","width":512,"height":443,"caption":"ilmiocafecacao"},"image":{"@id":"https:\/\/ilmiocafecacao.it\/acceuil\/#\/schema\/logo\/image\/"}}]}},"_links":{"self":[{"href":"https:\/\/ilmiocafecacao.it\/acceuil\/wp-json\/wp\/v2\/pages\/27598"}],"collection":[{"href":"https:\/\/ilmiocafecacao.it\/acceuil\/wp-json\/wp\/v2\/pages"}],"about":[{"href":"https:\/\/ilmiocafecacao.it\/acceuil\/wp-json\/wp\/v2\/types\/page"}],"author":[{"embeddable":true,"href":"https:\/\/ilmiocafecacao.it\/acceuil\/wp-json\/wp\/v2\/users\/1"}],"replies":[{"embeddable":true,"href":"https:\/\/ilmiocafecacao.it\/acceuil\/wp-json\/wp\/v2\/comments?post=27598"}],"version-history":[{"count":14,"href":"https:\/\/ilmiocafecacao.it\/acceuil\/wp-json\/wp\/v2\/pages\/27598\/revisions"}],"predecessor-version":[{"id":28090,"href":"https:\/\/ilmiocafecacao.it\/acceuil\/wp-json\/wp\/v2\/pages\/27598\/revisions\/28090"}],"wp:attachment":[{"href":"https:\/\/ilmiocafecacao.it\/acceuil\/wp-json\/wp\/v2\/media?parent=27598"}],"curies":[{"name":"wp","href":"https:\/\/api.w.org\/{rel}","templated":true}]}}